{"id":56159,"date":"2022-05-31T15:38:46","date_gmt":"2022-05-31T13:38:46","guid":{"rendered":"https:\/\/donnobikes.com\/?post_type=product&#038;p=56159"},"modified":"2026-04-09T11:08:36","modified_gmt":"2026-04-09T09:08:36","slug":"siege-qibbel-junior-6","status":"publish","type":"product","link":"https:\/\/donnobikes.com\/fr\/produit\/siege-qibbel-junior-6\/","title":{"rendered":"Si\u00e8ge enfant arri\u00e8re (6+ ans)"},"content":{"rendered":"<h3>Non compatible avec les mod\u00e8les Supercargo et Taga<\/h3>\n<p>Ce si\u00e8ge arri\u00e8re est con\u00e7u pour transporter les enfants \u00e0 partir de 6 ans. Avec son design attrayant, il s'installe facilement sur le porte-bagages arri\u00e8re du v\u00e9lo.<\/p>\n<ul>\n<li>Convient aux enfants \u00e2g\u00e9s de 6 \u00e0 10 ans ou pesant jusqu'\u00e0 35 kg.<\/li>\n<li>Coque ergonomique en plastique \u00e0 double paroi.<\/li>\n<li>Renforc\u00e9 par un cadre m\u00e9tallique pour plus de s\u00e9curit\u00e9.<\/li>\n<li>Convient pour des largeurs d'\u00e9tag\u00e8res de 12 cm \u00e0 18 cm.<\/li>\n<li>M\u00e9canisme de verrouillage r\u00e9glable int\u00e9gr\u00e9.<\/li>\n<li>Ceinture de s\u00e9curit\u00e9 \u00e0 trois points.<\/li>\n<\/ul>","protected":false},"excerpt":{"rendered":"<p>Non compatibile con i modelli Supercargo e Taga Questo seggiolino posteriore \u00e8 progettato per trasportare bambini a partire da 6 anni. Dal design accattivante, si installa facilmente sul portapacchi posteriore della bicicletta. Adatto a bambini da 6 a 10 anni di et\u00e0 o con peso massimo di 35 kg. Guscio ergonomico a doppia parete in [&hellip;]<\/p>\n","protected":false},"featured_media":92976,"comment_status":"closed","ping_status":"closed","template":"","meta":[],"product_brand":[],"product_cat":[23,641,640,639,601],"product_tag":[],"class_list":{"0":"post-56159","1":"product","2":"type-product","3":"status-publish","4":"has-post-thumbnail","6":"product_cat-accessori-vari","7":"product_cat-inbicy-flashswitch-seduta-e-carico-posteriore-2","8":"product_cat-inbicy-supernova-seduta-e-carico-posteriore-2","9":"product_cat-seduta-e-carico-posteriore-2","10":"product_cat-seggiolini-e-sedute","11":"product_shipping_class-accessori","13":"first","14":"instock","15":"shipping-taxable","16":"purchasable","17":"product-type-simple"},"gallery_images":[92977,92978],"meta_box":{"short_name":"Seggiolino Posteriore per Bambini (6+ anni)","marketing_name":"","motore_for_biciclette":[],"biciclette_id":"","consegna":"","configurator":[],"single_page_group":[],"catalog_group":[]},"_links":{"self":[{"href":"https:\/\/donnobikes.com\/fr\/wp-json\/wp\/v2\/product\/56159","targetHints":{"allow":["GET"]}}],"collection":[{"href":"https:\/\/donnobikes.com\/fr\/wp-json\/wp\/v2\/product"}],"about":[{"href":"https:\/\/donnobikes.com\/fr\/wp-json\/wp\/v2\/types\/product"}],"replies":[{"embeddable":true,"href":"https:\/\/donnobikes.com\/fr\/wp-json\/wp\/v2\/comments?post=56159"}],"wp:featuredmedia":[{"embeddable":true,"href":"https:\/\/donnobikes.com\/fr\/wp-json\/wp\/v2\/media\/92976"}],"wp:attachment":[{"href":"https:\/\/donnobikes.com\/fr\/wp-json\/wp\/v2\/media?parent=56159"}],"wp:term":[{"taxonomy":"product_brand","embeddable":true,"href":"https:\/\/donnobikes.com\/fr\/wp-json\/wp\/v2\/product_brand?post=56159"},{"taxonomy":"product_cat","embeddable":true,"href":"https:\/\/donnobikes.com\/fr\/wp-json\/wp\/v2\/product_cat?post=56159"},{"taxonomy":"product_tag","embeddable":true,"href":"https:\/\/donnobikes.com\/fr\/wp-json\/wp\/v2\/product_tag?post=56159"}],"curies":[{"name":"wp","href":"https:\/\/api.w.org\/{rel}","templated":true}]}}

Siège enfant arrière (6+ ans)

<h3>Non compatible avec les modèles Supercargo et Taga</h3>
<p>Ce siège arrière est conçu pour transporter les enfants à partir de 6 ans. Avec son design attrayant, il s'installe facilement sur le porte-bagages arrière du vélo.</p>
<ul>
<li>Convient aux enfants âgés de 6 à 10 ans ou pesant jusqu'à 35 kg.</li>
<li>Coque ergonomique en plastique à double paroi.</li>
<li>Renforcé par un cadre métallique pour plus de sécurité.</li>
<li>Convient pour des largeurs d'étagères de 12 cm à 18 cm.</li>
<li>Mécanisme de verrouillage réglable intégré.</li>
<li>Ceinture de sécurité à trois points.</li>
</ul>

<p>Non compatibile con i modelli Supercargo e Taga Questo seggiolino posteriore è progettato per trasportare bambini a partire da 6 anni. Dal design accattivante, si installa facilmente sul portapacchi posteriore della bicicletta. Adatto a bambini da 6 a 10 anni di età o con peso massimo di 35 kg. Guscio ergonomico a doppia parete in [&hellip;]</p>
