{"id":67405,"date":"2022-08-11T14:26:17","date_gmt":"2022-08-11T12:26:17","guid":{"rendered":"https:\/\/donnobikes.com\/?post_type=product&#038;p=67405"},"modified":"2026-02-07T16:05:21","modified_gmt":"2026-02-07T15:05:21","slug":"qibbel-air-siege-arriere","status":"publish","type":"product","link":"https:\/\/donnobikes.com\/fr\/produit\/qibbel-air-siege-arriere\/","title":{"rendered":"Si\u00e8ge arri\u00e8re pour les enfants jusqu'\u00e0 6 ans"},"content":{"rendered":"<h3>Non compatible avec les mod\u00e8les Supercargo et Taga<\/h3>\n<p>Le si\u00e8ge arri\u00e8re est r\u00e9put\u00e9 pour sa s\u00e9curit\u00e9 bien qu'il soit le plus l\u00e9ger du march\u00e9. Agr\u00e9able par temps chaud et temp\u00e9r\u00e9 par temps venteux. Le si\u00e8ge s'installe facilement sur le porte-bagages arri\u00e8re du v\u00e9lo.<\/p>\n<ul>\n<li>Convient aux enfants jusqu'\u00e0 6 ans ou un poids maximum de 22 kg.<\/li>\n<li>Fabriqu\u00e9 en maille respirante, solide et durable.<\/li>\n<li>Poids 2,5 kg.<\/li>\n<li>Dossier haut et confortable pour soutenir le dos.<\/li>\n<li>Ceinture de s\u00e9curit\u00e9 \u00e0 cinq points qui s'ajuste \u00e0 la taille de l'enfant.<\/li>\n<li>Repose-pieds r\u00e9glables.<\/li>\n<li>Kit de montage inclus.<\/li>\n<li>Conforme \u00e0 la norme de s\u00e9curit\u00e9 europ\u00e9enne EN14344.<\/li>\n<\/ul>","protected":false},"excerpt":{"rendered":"<p>Non compatibile con i modelli Supercargo e Taga Il seggiolino posteriore \u00e8 noto per la sicurezza nonostante sia il sedile posteriore pi\u00f9 leggero sul mercato. Piacevole nelle giornate pi\u00f9 calde e temperato in quelle ventilate. Il seggiolino si installa facilmente sul portapacchi posteriore della bicicletta. Adatto a bambini fino a 6 anni di et\u00e0 o [&hellip;]<\/p>\n","protected":false},"featured_media":92959,"comment_status":"closed","ping_status":"closed","template":"","meta":[],"product_brand":[],"product_cat":[23,641,640,639,601],"product_tag":[],"class_list":{"0":"post-67405","1":"product","2":"type-product","3":"status-publish","4":"has-post-thumbnail","6":"product_cat-accessori-vari","7":"product_cat-inbicy-flashswitch-seduta-e-carico-posteriore-2","8":"product_cat-inbicy-supernova-seduta-e-carico-posteriore-2","9":"product_cat-seduta-e-carico-posteriore-2","10":"product_cat-seggiolini-e-sedute","11":"product_shipping_class-accessori","13":"first","14":"instock","15":"shipping-taxable","16":"purchasable","17":"product-type-simple"},"gallery_images":[92960,92961,92962,92963],"meta_box":{"short_name":"Seggiolino Posteriore per Bambini fino a 6 anni","marketing_name":"","motore_for_biciclette":[],"biciclette_id":"","consegna":"","configurator":[],"single_page_group":[],"catalog_group":[]},"_links":{"self":[{"href":"https:\/\/donnobikes.com\/fr\/wp-json\/wp\/v2\/product\/67405","targetHints":{"allow":["GET"]}}],"collection":[{"href":"https:\/\/donnobikes.com\/fr\/wp-json\/wp\/v2\/product"}],"about":[{"href":"https:\/\/donnobikes.com\/fr\/wp-json\/wp\/v2\/types\/product"}],"replies":[{"embeddable":true,"href":"https:\/\/donnobikes.com\/fr\/wp-json\/wp\/v2\/comments?post=67405"}],"wp:featuredmedia":[{"embeddable":true,"href":"https:\/\/donnobikes.com\/fr\/wp-json\/wp\/v2\/media\/92959"}],"wp:attachment":[{"href":"https:\/\/donnobikes.com\/fr\/wp-json\/wp\/v2\/media?parent=67405"}],"wp:term":[{"taxonomy":"product_brand","embeddable":true,"href":"https:\/\/donnobikes.com\/fr\/wp-json\/wp\/v2\/product_brand?post=67405"},{"taxonomy":"product_cat","embeddable":true,"href":"https:\/\/donnobikes.com\/fr\/wp-json\/wp\/v2\/product_cat?post=67405"},{"taxonomy":"product_tag","embeddable":true,"href":"https:\/\/donnobikes.com\/fr\/wp-json\/wp\/v2\/product_tag?post=67405"}],"curies":[{"name":"wp","href":"https:\/\/api.w.org\/{rel}","templated":true}]}}

Siège arrière pour les enfants jusqu'à 6 ans

<h3>Non compatible avec les modèles Supercargo et Taga</h3>
<p>Le siège arrière est réputé pour sa sécurité bien qu'il soit le plus léger du marché. Agréable par temps chaud et tempéré par temps venteux. Le siège s'installe facilement sur le porte-bagages arrière du vélo.</p>
<ul>
<li>Convient aux enfants jusqu'à 6 ans ou un poids maximum de 22 kg.</li>
<li>Fabriqué en maille respirante, solide et durable.</li>
<li>Poids 2,5 kg.</li>
<li>Dossier haut et confortable pour soutenir le dos.</li>
<li>Ceinture de sécurité à cinq points qui s'ajuste à la taille de l'enfant.</li>
<li>Repose-pieds réglables.</li>
<li>Kit de montage inclus.</li>
<li>Conforme à la norme de sécurité européenne EN14344.</li>
</ul>

<p>Non compatibile con i modelli Supercargo e Taga Il seggiolino posteriore è noto per la sicurezza nonostante sia il sedile posteriore più leggero sul mercato. Piacevole nelle giornate più calde e temperato in quelle ventilate. Il seggiolino si installa facilmente sul portapacchi posteriore della bicicletta. Adatto a bambini fino a 6 anni di età o [&hellip;]</p>
